 of 5342?
2, 2671
What are the prime factors of 484?
2, 11
List the prime factors of 1013.
1013
List the prime factors of 16122.
2, 3, 2687
What are the prime factors of 59638?
2, 29819
List the prime factors of 83272.
2, 7, 1487
What are the prime factors of 2452?
2, 613
What are the prime factors of 86242?
2, 13, 31, 107
List the prime factors of 34923.
3, 7, 1663
What are the prime factors of 5643?
3, 11, 19
List the prime factors of 11224.
2, 23, 61
What are the prime factors of 5926?
2, 2963
List the prime factors of 18069.
3, 19, 317
What are the prime factors of 45716?
2, 11, 1039
List the prime factors of 257.
257
What are the prime factors of 7525?
5, 7, 43
What are the prime factors of 1278?
2, 3, 71
What are the prime factors of 25788?
2, 3, 7, 307
What are the prime factors of 412?
2, 103
List the prime factors of 22825.
5, 11, 83
What are the prime factors of 40681?
17, 2393
List the prime factors of 140278.
2, 70139
What are the prime factors of 4496?
2, 281
List the prime factors of 1236.
2, 3, 103
List the prime factors of 9835.
5, 7, 281
List the prime factors of 15967.
7, 2281
What are the prime factors of 16039?
43, 373
What are the prime factors of 4154?
2, 31, 67
What are the prime factors of 118781?
13, 9137
List the prime factors of 5386.
2, 2693
What are the prime factors of 19700?
2, 5, 197
List the prime factors of 24964.
2, 79
What are the prime factors of 1716?
2, 3, 11, 13
What are the prime factors of 4111?
4111
List the prime factors of 26402.
2, 43, 307
List the prime factors of 5745.
3, 5, 383
List the prime factors of 774.
2, 3, 43
List the prime factors of 43307.
11, 31, 127
What are the prime factors of 1485?
3, 5, 11
List the prime factors of 53525.
5, 2141
List the prime factors of 14843.
14843
What are the prime factors of 57148?
2, 7, 13, 157
List the prime factors of 1078.
2, 7, 11
What are the prime factors of 867?
3, 17
What are the prime factors of 181?
181
List the prime factors of 5495.
5, 7, 157
What are the prime factors of 8841?
3, 7, 421
List the prime factors of 21229.
13, 23, 71
What are the prime factors of 71956?
2, 17989
List the prime factors of 7114.
2, 3557
What are the prime factors of 1155?
3, 5, 7, 11
What are the prime factors of 75?
3, 5
What are the prime factors of 2402?
2, 1201
What are the prime factors of 54149?
173, 313
What are the prime factors of 65513?
7, 191
What are the prime factors of 2446?
2, 1223
List the prime factors of 1091.
1091
What are the prime factors of 2620?
2, 5, 131
What are the prime factors of 10041?
3, 3347
List the prime factors of 11522.
2, 7, 823
List the prime factors of 2946.
2, 3, 491
What are the prime factors of 52988?
2, 13, 1019
List the prime factors of 406.
2, 7, 29
What are the prime factors of 1791?
3, 199
List the prime factors of 2820.
2, 3, 5, 47
List the prime factors of 9128.
2, 7, 163
List the prime factors of 1156.
2, 17
What are the prime factors of 2248?
2, 281
List the prime factors of 31798.
2, 13, 1223
List the prime factors of 7212.
2, 3, 601
What are the prime factors of 40927?
40927
List the prime factors of 3562.
2, 13, 137
What are the prime factors of 35610?
2, 3, 5, 1187
What are the prime factors of 792?
2, 3, 11
What are the prime factors of 2759?
31, 89
What are the prime factors of 2703?
3, 17, 53
List the prime factors of 1035.
3, 5, 23
List the prime factors of 19389.
3, 23, 281
What are the prime factors of 165041?
165041
List the prime factors of 79138.
2, 39569
What are the prime factors of 2349?
3, 29
What are the prime factors of 2842?
2, 7, 29
List the prime factors of 3700.
2, 5, 37
What are the prime factors of 19707?
3, 6569
List the prime factors of 70766.
2, 41, 863
What are the prime factors of 2685?
3, 5, 179
What are the prime factors of 796?
2, 199
List the prime factors of 8384.
2, 131
List the prime factors of 22698.
2, 3, 13, 97
What are the prime factors of 72066?
2, 3, 12011
List the prime factors of 8004.
2, 3, 23, 29
List the prime factors of 53902.
2, 26951
What are the prime factors of 29565?
3, 5, 73
What are the prime factors of 313?
313
What are the prime factors of 283?
283
List the prime factors of 2672.
2, 167
What are the prime factors of 9051?
3, 7, 431
List the prime factors of 7828.
2, 19, 103
What are the prime factors of 1602?
2, 3, 89
List the prime factors of 138.
2, 3, 23
What are the prime factors of 293?
293
What are the prime factors of 12368?
2, 773
What are the prime factors of 14761?
29, 509
What are the prime factors of 16250?
2, 5, 13
List the prime factors of 32786.
2, 13, 97
List the prime factors of 121.
11
List the prime factors of 12732.
2, 3, 1061
List the prime factors of 37015.
5, 11, 673
What are the prime factors of 39385?
5, 7877
What are the prime factors of 59252?
2, 14813
What are the prime factors of 134975?
5, 5399
List the prime factors of 26.
2, 13
What are the prime factors of 3712?
2, 29
List the prime factors of 8305.
5, 11, 151
List the prime factors of 18158.
2, 7, 1297
List the prime factors of 5920.
2, 5, 37
What are the prime factors of 4390?
2, 5, 439
What are the prime factors of 107195?
5, 11, 1949
What are the prime factors of 50849?
50849
What are the prime factors of 65186?
2, 11, 2963
What are the prime factors of 30270?
2, 3, 5, 1009
What are the prime factors of 2507?
23, 109
What are the prime factors of 52501?
52501
List the prime factors of 51030.
2, 3, 5, 7
What are the prime factors of 2713?
2713
List the prime factors of 1573.
11, 13
What are the prime factors of 4129?
4129
List the prime factors of 1403.
23, 61
List the prime factors of 1025.
5, 41
List the prime factors of 16396.
2, 4099
List the prime factors of 2886.
2, 3, 13, 37
List the prime factors of 1417.
13, 109
What are the prime factors of 51363?
3, 13, 439
List the prime factors of 22.
2, 11
What are the prime factors of 108067?
53, 2039
What are the prime factors of 1083?
3, 19
List the prime factors of 61395.
3, 5, 4093
List the prime factors of 1837.
11, 167
What are the prime factors of 25229?
25229
What are the prime factors of 9265?
5, 17, 109
List the prime factors of 1274.
2, 7, 13
List the prime factors of 744.
2, 3, 31
What are the prime factors of 42649?
42649
List the prime factors of 10221.
3, 3407
What are the prime factors of 371?
7, 53
List the prime factors of 10751.
13, 827
List the prime factors of 1416.
2, 3, 59
What are the prime factors of 522?
2, 3, 29
List the prime factors of 5197.
5197
List the prime factors of 1858.
2, 929
What are the prime factors of 1376?
2, 43
List the prime factors of 266.
2, 7, 19
List the prime factors of 3764.
2, 941
What are the prime factors of 12623?
13, 971
List the prime factors of 5281.
5281
What are the prime factors of 2176?
2, 17
List the prime factors of 13356.
2, 3, 7, 53
What are the prime factors of 68061?
3, 7, 463
What are the prime factors of 2977?
13, 229
List the prime factors of 1156.
2, 17
What are the prime factors of 986?
2, 17, 29
List the prime factors of 22319.
11, 2029
What are the prime factors of 1999?
1999
What are the prime factors of 1962?
2, 3, 109
List the prime factors of 1212.
2, 3, 101
List the prime factors of 437.
19, 23
List the prime factors of 1918.
2, 7, 137
List the prime factors of 49573.
89, 557
List the prime factors of 5379.
3, 11, 163
What are the prime factors of 8562?
2, 3, 1427
List the prime factors of 89187.
3, 7, 31, 137
List the prime factors of 31796.
2, 7949
What are the prime factors of 1202?
2, 601
What are the prime factors of 1972?
2, 17, 29
What are the prime factors of 10731?
3, 7, 73
List the prime factors of 142069.
17, 61, 137
What are the prime factors of 385?
5, 7, 11
List the prime factors of 765.
3, 5, 17
What are the prime factors of 40273?
17, 23, 103
What are the prime factors of 15048?
2, 3, 11, 19
List the prime factors of 181.
181
List the prime factors of 115.
5, 23
List the prime factors of 167415.
3, 5, 11161
What are the prime factors of 1903?
11, 173
What are the prime factors of 2571?
3, 857
What are the prime factors of 1525?
5, 61
What are the prime factors of 2129?
2129
List the prime factors of 627.
3, 11, 19
What are the prime factors of 43886?
2, 21943
What are the prime factors of 6787?
11, 617
List the prime factors of